[INFO] cloning repository https://github.com/zanemayo/pong
[INFO] running `Command { std: "git" "-c" "credential.helper=" "-c" "credential.helper=/workspace/cargo-home/bin/git-credential-null" "clone" "--bare" "https://github.com/zanemayo/pong" "/workspace/cache/git-repos/https%3A%2F%2Fgithub.com%2Fzanemayo%2Fpong", kill_on_drop: false }`
[INFO] [stderr] Cloning into bare repository '/workspace/cache/git-repos/https%3A%2F%2Fgithub.com%2Fzanemayo%2Fpong'...
[INFO] running `Command { std: "git" "rev-parse" "HEAD", kill_on_drop: false }`
[INFO] [stdout] 22754a039cc80dc815afacfce7c61ae0cf1d24f2
[INFO] checking zanemayo/pong against master#af3c6e733a40e671550e0f0f5aeecaa13772ba56 for pr-74989
[INFO] running `Command { std: "git" "clone" "/workspace/cache/git-repos/https%3A%2F%2Fgithub.com%2Fzanemayo%2Fpong" "/workspace/builds/worker-7/source", kill_on_drop: false }`
[INFO] [stderr] Cloning into '/workspace/builds/worker-7/source'...
[INFO] [stderr] done.
[INFO] validating manifest of git repo https://github.com/zanemayo/pong on toolchain af3c6e733a40e671550e0f0f5aeecaa13772ba56
[INFO] running `Command { std: "/workspace/cargo-home/bin/cargo" "+af3c6e733a40e671550e0f0f5aeecaa13772ba56" "read-manifest" "--manifest-path" "Cargo.toml", kill_on_drop: false }`
[INFO] started tweaking git repo https://github.com/zanemayo/pong
[INFO] finished tweaking git repo https://github.com/zanemayo/pong
[INFO] tweaked toml for git repo https://github.com/zanemayo/pong written to /workspace/builds/worker-7/source/Cargo.toml
[INFO] crate git repo https://github.com/zanemayo/pong already has a lockfile, it will not be regenerated
[INFO] running `Command { std: "/workspace/cargo-home/bin/cargo" "+af3c6e733a40e671550e0f0f5aeecaa13772ba56" "fetch" "--locked" "--manifest-path" "Cargo.toml", kill_on_drop: false }`
[INFO] [stderr]     Blocking waiting for file lock on package cache
[INFO] [stderr] error: the lock file /workspace/builds/worker-7/source/Cargo.lock needs to be updated but --locked was passed to prevent this
[INFO] [stderr] If you want to try to generate the lock file without accessing the network, use the --offline flag.
[INFO] the lockfile is outdated, regenerating it
[INFO] running `Command { std: "/workspace/cargo-home/bin/cargo" "+af3c6e733a40e671550e0f0f5aeecaa13772ba56" "generate-lockfile" "--manifest-path" "Cargo.toml" "-Zno-index-update", kill_on_drop: false }`
[INFO] running `Command { std: "/workspace/cargo-home/bin/cargo" "+af3c6e733a40e671550e0f0f5aeecaa13772ba56" "fetch" "--locked" "--manifest-path" "Cargo.toml", kill_on_drop: false }`
[INFO] [stderr]     Blocking waiting for file lock on package cache
[INFO] running `Command { std: "docker" "create" "-v" "/var/lib/crater-agent-workspace/builds/worker-7/target:/opt/rustwide/target:rw,Z" "-v" "/var/lib/crater-agent-workspace/builds/worker-7/source:/opt/rustwide/workdir:ro,Z" "-v" "/var/lib/crater-agent-workspace/cargo-home:/opt/rustwide/cargo-home:ro,Z" "-v" "/var/lib/crater-agent-workspace/rustup-home:/opt/rustwide/rustup-home:ro,Z" "-e" "SOURCE_DIR=/opt/rustwide/workdir" "-e" "CARGO_TARGET_DIR=/opt/rustwide/target" "-e" "CARGO_HOME=/opt/rustwide/cargo-home" "-e" "RUSTUP_HOME=/opt/rustwide/rustup-home" "-w" "/opt/rustwide/workdir" "-m" "1610612736" "--user" "0:0" "--network" "none" "rustops/crates-build-env@sha256:d92eaeed33fa75130ca1ee6c8a01d1ffb62bac859dfdfb3450e3e5d1c0146529" "/opt/rustwide/cargo-home/bin/cargo" "+af3c6e733a40e671550e0f0f5aeecaa13772ba56" "metadata" "--no-deps" "--format-version=1", kill_on_drop: false }`
[INFO] [stdout] ad48d97254b5d1a8cbe08e5fb11addfbb70b46974881e59e844d867ccac7cf50
[INFO] [stderr] WARNING: Your kernel does not support swap limit capabilities or the cgroup is not mounted. Memory limited without swap.
[INFO] running `Command { std: "docker" "start" "-a" "ad48d97254b5d1a8cbe08e5fb11addfbb70b46974881e59e844d867ccac7cf50", kill_on_drop: false }`
[INFO] running `Command { std: "docker" "inspect" "ad48d97254b5d1a8cbe08e5fb11addfbb70b46974881e59e844d867ccac7cf50", kill_on_drop: false }`
[INFO] running `Command { std: "docker" "rm" "-f" "ad48d97254b5d1a8cbe08e5fb11addfbb70b46974881e59e844d867ccac7cf50", kill_on_drop: false }`
[INFO] [stdout] ad48d97254b5d1a8cbe08e5fb11addfbb70b46974881e59e844d867ccac7cf50
[INFO] running `Command { std: "docker" "create" "-v" "/var/lib/crater-agent-workspace/builds/worker-7/target:/opt/rustwide/target:rw,Z" "-v" "/var/lib/crater-agent-workspace/builds/worker-7/source:/opt/rustwide/workdir:ro,Z" "-v" "/var/lib/crater-agent-workspace/cargo-home:/opt/rustwide/cargo-home:ro,Z" "-v" "/var/lib/crater-agent-workspace/rustup-home:/opt/rustwide/rustup-home:ro,Z" "-e" "SOURCE_DIR=/opt/rustwide/workdir" "-e" "CARGO_TARGET_DIR=/opt/rustwide/target" "-e" "CARGO_INCREMENTAL=0" "-e" "RUST_BACKTRACE=full" "-e" "RUSTFLAGS=--cap-lints=forbid" "-e" "CARGO_HOME=/opt/rustwide/cargo-home" "-e" "RUSTUP_HOME=/opt/rustwide/rustup-home" "-w" "/opt/rustwide/workdir" "-m" "1610612736" "--user" "0:0" "--network" "none" "rustops/crates-build-env@sha256:d92eaeed33fa75130ca1ee6c8a01d1ffb62bac859dfdfb3450e3e5d1c0146529" "/opt/rustwide/cargo-home/bin/cargo" "+af3c6e733a40e671550e0f0f5aeecaa13772ba56" "check" "--frozen" "--all" "--all-targets" "--message-format=json", kill_on_drop: false }`
[INFO] [stderr] WARNING: Your kernel does not support swap limit capabilities or the cgroup is not mounted. Memory limited without swap.
[INFO] [stdout] a38e0b85b28977111b5298cce73e53639b319b3bcc789322814eab0f567db625
[INFO] running `Command { std: "docker" "start" "-a" "a38e0b85b28977111b5298cce73e53639b319b3bcc789322814eab0f567db625", kill_on_drop: false }`
[INFO] [stderr]     Blocking waiting for file lock on package cache
[INFO] [stderr]     Checking lazy_static v1.4.0
[INFO] [stderr]    Compiling unicode-xid v0.1.0
[INFO] [stderr]    Compiling libloading v0.6.3
[INFO] [stderr]    Compiling nix v0.14.1
[INFO] [stderr]     Checking void v1.0.2
[INFO] [stderr]     Checking slab v0.4.2
[INFO] [stderr]     Checking lazycell v1.3.0
[INFO] [stderr]    Compiling pkg-config v0.3.18
[INFO] [stderr]     Checking downcast-rs v1.2.0
[INFO] [stderr]     Checking same-file v1.0.6
[INFO] [stderr]     Checking xdg v2.2.0
[INFO] [stderr]     Checking xml-rs v0.8.3
[INFO] [stderr]     Checking adler32 v1.2.0
[INFO] [stderr]    Compiling crc32fast v1.2.0
[INFO] [stderr]     Checking bytemuck v1.4.1
[INFO] [stderr]     Checking fnv v1.0.7
[INFO] [stderr]    Compiling num-traits v0.2.12
[INFO] [stderr]    Compiling num-integer v0.1.43
[INFO] [stderr]    Compiling rayon v1.4.0
[INFO] [stderr]    Compiling num-rational v0.3.0
[INFO] [stderr]    Compiling num-iter v0.1.41
[INFO] [stderr]     Checking lock_api v0.3.4
[INFO] [stderr]    Compiling libloading v0.5.2
[INFO] [stderr]    Compiling log v0.4.11
[INFO] [stderr]    Compiling proc-macro2 v0.4.30
[INFO] [stderr]     Checking miniz_oxide v0.3.7
[INFO] [stderr]     Checking walkdir v2.3.1
[INFO] [stderr]     Checking net2 v0.2.35
[INFO] [stderr]     Checking parking_lot_core v0.7.2
[INFO] [stderr]     Checking memmap v0.7.0
[INFO] [stderr]     Checking shared_library v0.1.9
[INFO] [stderr]     Checking raw-window-handle v0.3.3
[INFO] [stderr]     Checking stb_truetype v0.3.1
[INFO] [stderr]     Checking deflate v0.8.6
[INFO] [stderr]     Checking crossbeam-utils v0.7.2
[INFO] [stderr]    Compiling gl_generator v0.14.0
[INFO] [stderr]     Checking mio v0.6.22
[INFO] [stderr]     Checking osmesa-sys v0.1.2
[INFO] [stderr]     Checking backtrace v0.3.50
[INFO] [stderr]     Checking parking_lot v0.10.2
[INFO] [stderr]     Checking dlib v0.4.2
[INFO] [stderr]     Checking crossbeam-epoch v0.8.2
[INFO] [stderr]     Checking crossbeam-channel v0.4.4
[INFO] [stderr]     Checking tiff v0.5.0
[INFO] [stderr]     Checking wayland-sys v0.23.6
[INFO] [stderr]     Checking png v0.16.7
[INFO] [stderr]    Compiling quote v0.6.13
[INFO] [stderr]    Compiling x11-dl v2.18.5
[INFO] [stderr]    Compiling wayland-scanner v0.23.6
[INFO] [stderr]     Checking crossbeam-deque v0.7.3
[INFO] [stderr]     Checking ordered-float v1.1.0
[INFO] [stderr]     Checking approx v0.3.2
[INFO] [stderr]     Checking line_drawing v0.7.0
[INFO] [stderr]     Checking mio-extras v2.0.6
[INFO] [stderr]     Checking rayon-core v1.8.0
[INFO] [stderr]     Checking rusttype v0.8.3
[INFO] [stderr]    Compiling glutin_glx_sys v0.1.7
[INFO] [stderr]    Compiling glutin_egl_sys v0.1.5
[INFO] [stderr]    Compiling glium v0.27.0
[INFO] [stderr]     Checking rusttype v0.7.9
[INFO] [stderr]     Checking andrew v0.2.1
[INFO] [stderr]    Compiling wayland-client v0.23.6
[INFO] [stderr]    Compiling wayland-protocols v0.23.6
[INFO] [stderr]     Checking calloop v0.4.4
[INFO] [stderr]     Checking wayland-commons v0.23.6
[INFO] [stderr]     Checking jpeg-decoder v0.1.20
[INFO] [stderr]     Checking image v0.23.9
[INFO] [stderr]     Checking smithay-client-toolkit v0.6.6
[INFO] [stderr]     Checking winit v0.22.2
[INFO] [stderr]     Checking glutin v0.24.1
[INFO] [stderr]     Checking pong v0.1.0 (/opt/rustwide/workdir)
[INFO] [stdout] error[E0432]: unresolved import `glium::DisplayBuild`
[INFO] [stdout]   --> src/main.rs:67:17
[INFO] [stdout]    |
[INFO] [stdout] 67 |     use glium::{DisplayBuild, Surface};
[INFO] [stdout]    |                 ^^^^^^^^^^^^ no `DisplayBuild` in the root
[INFO] [stdout] 
[INFO] [stdout] 
[INFO] [stdout] error[E0432]: unresolved import `glium::DisplayBuild`
[INFO] [stdout]   --> src/main.rs:67:17
[INFO] [stdout]    |
[INFO] [stdout] 67 |     use glium::{DisplayBuild, Surface};
[INFO] [stdout]    |                 ^^^^^^^^^^^^ no `DisplayBuild` in the root
[INFO] [stdout] 
[INFO] [stdout] 
[INFO] [stdout] error[E0433]: failed to resolve: could not find `Event` in `glutin`
[INFO] [stdout]    --> src/main.rs:116:32
[INFO] [stdout]     |
[INFO] [stdout] 116 |                 glium::glutin::Event::Closed => return,
[INFO] [stdout]     |                                ^^^^^ could not find `Event` in `glutin`
[INFO] [stdout] 
[INFO] [stdout] 
[INFO] [stdout] error[E0425]: cannot find value `PNG` in crate `image`
[INFO] [stdout]   --> src/main.rs:16:101
[INFO] [stdout]    |
[INFO] [stdout] 16 |     let image = image::load(std::io::Cursor::new(&include_bytes!("assets/texture.png")[..]), image::PNG).unwrap().to_rgba();
[INFO] [stdout]    |                                                                                                     ^^^ not found in `image`
[INFO] [stdout] 
[INFO] [stdout] 
[INFO] [stdout] error[E0412]: cannot find type `GlutinFacade` in crate `glium::glutin`
[INFO] [stdout]   --> src/main.rs:60:65
[INFO] [stdout]    |
[INFO] [stdout] 60 | fn load_texture(textureFilename: &str, display: &glium::glutin::GlutinFacade) -> glium::texture::Texture2d {
[INFO] [stdout]    |                                                                 ^^^^^^^^^^^^ not found in `glium::glutin`
[INFO] [stdout] 
[INFO] [stdout] 
[INFO] [stdout] error[E0433]: failed to resolve: could not find `WindowBuilder` in `glutin`
[INFO] [stdout]   --> src/main.rs:68:34
[INFO] [stdout]    |
[INFO] [stdout] 68 |     let display = glium::glutin::WindowBuilder::new().build_glium().unwrap();
[INFO] [stdout]    |                                  ^^^^^^^^^^^^^ not found in `glium::glutin`
[INFO] [stdout]    |
[INFO] [stdout] help: consider importing this struct
[INFO] [stdout]    |
[INFO] [stdout] 6  | use glium::glutin::window::WindowBuilder;
[INFO] [stdout]    |
[INFO] [stdout] 
[INFO] [stdout] 
[INFO] [stdout] error[E0433]: failed to resolve: could not find `Event` in `glutin`
[INFO] [stdout]    --> src/main.rs:116:32
[INFO] [stdout]     |
[INFO] [stdout] 116 |                 glium::glutin::Event::Closed => return,
[INFO] [stdout]     |                                ^^^^^ could not find `Event` in `glutin`
[INFO] [stdout] 
[INFO] [stdout] 
[INFO] [stdout] error[E0425]: cannot find value `PNG` in crate `image`
[INFO] [stdout]   --> src/main.rs:16:101
[INFO] [stdout]    |
[INFO] [stdout] 16 |     let image = image::load(std::io::Cursor::new(&include_bytes!("assets/texture.png")[..]), image::PNG).unwrap().to_rgba();
[INFO] [stdout]    |                                                                                                     ^^^ not found in `image`
[INFO] [stdout] 
[INFO] [stdout] 
[INFO] [stdout] error[E0412]: cannot find type `GlutinFacade` in crate `glium::glutin`
[INFO] [stdout]   --> src/main.rs:60:65
[INFO] [stdout]    |
[INFO] [stdout] 60 | fn load_texture(textureFilename: &str, display: &glium::glutin::GlutinFacade) -> glium::texture::Texture2d {
[INFO] [stdout]    |                                                                 ^^^^^^^^^^^^ not found in `glium::glutin`
[INFO] [stdout] 
[INFO] [stdout] 
[INFO] [stdout] error[E0433]: failed to resolve: could not find `WindowBuilder` in `glutin`
[INFO] [stdout]   --> src/main.rs:68:34
[INFO] [stdout]    |
[INFO] [stdout] 68 |     let display = glium::glutin::WindowBuilder::new().build_glium().unwrap();
[INFO] [stdout]    |                                  ^^^^^^^^^^^^^ not found in `glium::glutin`
[INFO] [stdout]    |
[INFO] [stdout] help: consider importing this struct
[INFO] [stdout]    |
[INFO] [stdout] 6  | use glium::glutin::window::WindowBuilder;
[INFO] [stdout]    |
[INFO] [stdout] 
[INFO] [stdout] 
[INFO] [stdout] error[E0308]: mismatched types
[INFO] [stdout]   --> src/main.rs:18:56
[INFO] [stdout]    |
[INFO] [stdout] 18 |     glium::texture::RawImage2d::from_raw_rgba_reversed(image.into_raw(), image_dimensions)
[INFO] [stdout]    |                                                        ^^^^^^^^^^^^^^^^
[INFO] [stdout]    |                                                        |
[INFO] [stdout]    |                                                        expected `&[u8]`, found struct `Vec`
[INFO] [stdout]    |                                                        help: consider borrowing here: `&image.into_raw()`
[INFO] [stdout]    |
[INFO] [stdout]    = note: expected reference `&[u8]`
[INFO] [stdout]                  found struct `Vec<u8>`
[INFO] [stdout] 
[INFO] [stdout] 
[INFO] [stdout] error[E0308]: mismatched types
[INFO] [stdout]   --> src/main.rs:18:56
[INFO] [stdout]    |
[INFO] [stdout] 18 |     glium::texture::RawImage2d::from_raw_rgba_reversed(image.into_raw(), image_dimensions)
[INFO] [stdout]    |                                                        ^^^^^^^^^^^^^^^^
[INFO] [stdout]    |                                                        |
[INFO] [stdout]    |                                                        expected `&[u8]`, found struct `Vec`
[INFO] [stdout]    |                                                        help: consider borrowing here: `&image.into_raw()`
[INFO] [stdout]    |
[INFO] [stdout]    = note: expected reference `&[u8]`
[INFO] [stdout]                  found struct `Vec<u8>`
[INFO] [stdout] 
[INFO] [stdout] 
[INFO] [stdout] warning: unused import: `Surface`
[INFO] [stdout]   --> src/main.rs:67:31
[INFO] [stdout]    |
[INFO] [stdout] 67 |     use glium::{DisplayBuild, Surface};
[INFO] [stdout]    |                               ^^^^^^^
[INFO] [stdout]    |
[INFO] [stdout]    = note: `#[warn(unused_imports)]` on by default
[INFO] [stdout] 
[INFO] [stdout] 
[INFO] [stdout] warning: unused import: `Surface`
[INFO] [stdout]   --> src/main.rs:67:31
[INFO] [stdout]    |
[INFO] [stdout] 67 |     use glium::{DisplayBuild, Surface};
[INFO] [stdout]    |                               ^^^^^^^
[INFO] [stdout]    |
[INFO] [stdout]    = note: `#[warn(unused_imports)]` on by default
[INFO] [stdout] 
[INFO] [stdout] 
[INFO] [stdout] error: aborting due to 6 previous errors; 1 warning emitted
[INFO] [stdout] 
[INFO] [stdout] 
[INFO] [stdout] Some errors have detailed explanations: E0308, E0412, E0425, E0432, E0433.
[INFO] [stdout] 
[INFO] [stdout] For more information about an error, try `rustc --explain E0308`.
[INFO] [stdout] 
[INFO] [stdout] error: aborting due to 6 previous errors; 1 warning emitted
[INFO] [stdout] 
[INFO] [stdout] 
[INFO] [stderr] error: could not compile `pong`.
[INFO] [stdout] Some errors have detailed explanations: E0308, E0412, E0425, E0432, E0433.
[INFO] [stdout] 
[INFO] [stderr] 
[INFO] [stdout] For more information about an error, try `rustc --explain E0308`.
[INFO] [stdout] 
[INFO] [stderr] To learn more, run the command again with --verbose.
[INFO] [stderr] warning: build failed, waiting for other jobs to finish...
[INFO] [stderr] error: build failed
[INFO] running `Command { std: "docker" "inspect" "a38e0b85b28977111b5298cce73e53639b319b3bcc789322814eab0f567db625", kill_on_drop: false }`
[INFO] running `Command { std: "docker" "rm" "-f" "a38e0b85b28977111b5298cce73e53639b319b3bcc789322814eab0f567db625", kill_on_drop: false }`
[INFO] [stdout] a38e0b85b28977111b5298cce73e53639b319b3bcc789322814eab0f567db625
